 -6) - (158 - 73).
-78
What is the value of -31 - (-4 + (-6 - (-3 + -23 + 9)))?
-38
Evaluate -107 + 2593 + -2544 + (-1 - 33).
-92
What is the value of (2 + (22 - -1) - 3) + 268 + -269?
21
216 + -259 - (-9 - 11)
-23
What is the value of (1 - 31) + -3613 + 3648?
5
What is the value of (0 - (-26 - -45 - 3)) + (-9 - -4)?
-21
What is (10 - -9) + (-3 - 47)?
-31
Calculate -1 + (7 - -13) + -153 + 144.
10
What is 55 - (54 - 9 - 41)?
51
What is the value of (31 - (109 - 91)) + 42?
55
-2 - (0 - (0 + 9)) - (2003 + -1996)
0
71 + 89 + -69 - 83
8
What is (16 - 26) + -13 + -22 + 88?
43
Evaluate -52 - (-1 - (-12 + (10 - 11 - 1) + 26)).
-39
What is the value of 2 + 1 + (-12 - 0) + (13 - -7 - 41)?
-30
What is -5 + (-31 - -50 - (-104 - 0) - -3)?
121
Evaluate (-6 - (3 + 4) - 3) + 4 + 1.
-11
What is the value of -12 - (10 + (-20 - 14) - -21)?
-9
What is -2 + (10 - (22 - 5)) + -17 + (14 - -4)?
-8
Evaluate 2 + -5 + -3 + (7 - 7) + (-39 - -60).
15
What is the value of -10 - 2 - (1 - (-49 - -30))?
-32
What is the value of -4 + (-3 - 6) + (31 - -4) - 4?
18
-3 + 0 - (15 - 20) - -2 - (45 - 39)
-2
What is the value of (1 - -77) + (4843 - 4884)?
37
Calculate 3 + 15 + -10 + -1 + 0 + 42.
49
What is the value of (-97 - (-176 + 2)) + (-21 - (-3 + 1))?
58
What is the value of 268 + (-26 - 88) - 82?
72
What is 33 - (-23 + (10 - -12 - 21) - -22)?
33
Calculate -37 + -31 + -10 + 1 + -3 + -14 + 27.
-67
Evaluate (48 - 74) + -37 - -15.
-48
What is (-20 + 27 - -35) + -30 + -41?
-29
Evaluate -35 + 13 - -45 - 104.
-81
What is (53 - -25) + (-7 + (-6 - -15) - 3) + 8?
85
111 + -79 + -69 + 11
-26
Evaluate (84 - 72) + (2 - -6 - 5) + -41.
-26
What is the value of -23 - (16 + (-27 - -5) + 9)?
-26
Calculate 15 + 12 + -16 + 110 + -17 - (11 + -2).
95
What is the value of -7 + ((80 - 2) + 1 - (46 - (55 + -4)))?
77
What is (-69 - (-25 + 1)) + (-46 - -14)?
-77
Calculate -54 + 189 + -27 + -53.
55
What is the value of -17 + (0 + (50 - 5) - -9 - -18)?
55
(-343 - -362) + -27 + -1
-9
What is (20 - 9 - (25 + -5)) + -6?
-15
What is -43 + -1 + 2 + (-123 - -35 - -75)?
-55
8 - 6 - (-13 + 22 - 12)
5
What is the value of -2 - 0 - -31 - (-19 + 43 + -62 + 48)?
19
What is the value of 4 + -3 + 1 + -42 + (6 - 12) + -1?
-47
What is the value of 0 - 40 - (4 + (-68 - (40 + -105)))?
-41
What is -12 + (-7 - (14 - 14)) + 9 + 5?
-5
What is 4 + 32 - (20 - (-58 - -63))?
21
Calculate -121 + 122 + -31 - 42.
-72
What is the value of 4 + -25 + 35 + -32 + 1 + 1?
-16
What is (2 + 1 + (-12 - -11) - (-6 - -3)) + 13?
18
Calculate 1 + -7 + (35 + 11 - 32) - 8.
0
What is the value of 14 - (69 - 142 - 44)?
131
Calculate -18 + (2 - 16 - -35 - 23).
-20
What is the value of 24 - (65 - (-10 + 8) - 25)?
-18
Calculate (-51 + 115 - 29) + (-141 - 2).
-108
What is the value of -99 + (-146 - -83) + 212?
50
-54 + 77 + (-9 - (11 + -14)) + (-1 - -1)
17
Calculate 24 + (-7 - (35 + -62)).
44
What is the value of 9 + -46 + 60 + -14?
9
Calculate -24 - (-11 + -23) - (-1 + 46 + (3 - -1)).
-39
What is -111 + 104 - (12 + (0 - -1) + -313 + 310)?
-17
Calculate 22 + -7 + 10 + 7 + (20 - 31).
21
Calculate (-1 - -36) + 53 + (-87 - -55).
56
What is the value of 62 - -1 - (7474 + -7485)?
74
What is -18 + (-90 - -86) - (-1 + -42)?
21
What is -9 + (47 - 16 - 50) + 34?
6
Evaluate 4 + -5 + -15 + (142 - 136).
-10
What is the value of -6 + 74 + (13 - 14) + -21 + (0 - -16)?
62
(432 + -277 - 168) + (0 + 0 - -126)
113
What is 20 - (20 + -4 + (16 - 22))?
10
Evaluate -7 + 0 - ((-30 - -16) + (-292 - -162)).
137
8 - -13 - (-19 + 6 + -1 - 6)
41
What is the value of -32 - -29 - ((-7 - 34 - -3) + 3)?
32
Evaluate (17 - (19 + -45 - -54)) + 57.
46
What is the value of -35 + (-2 + -5 - -29) - (2 + -1)?
-14
10 + 2 + 22 + (61 - 57)
38
What is -2 + (2 - -2) + (-12 - (-45 - (-12 - 9)))?
14
Evaluate -3 + -70 + (49 - 57) + -38 + 28.
-91
Calculate -21 + 4 + 16 - (22 + -1).
-22
Evaluate (67 - (101 + 10)) + 0 + -61.
-105
What is the value of -22 - (21 + (-31 - -9)) - -6?
-15
Evaluate 83 + 1 - (3684 - 3638).
38
What is -54 - (9 - 19) - 0?
-44
Evaluate (-21 + 26 - 7) + -21 - -33.
10
What is -13 + -18 + 45 - -21?
35
What is the value of -41 - -17 - (1 + -1 + -15 - -4)?
-13
Calculate 0 + 0 + (-28 - -4 - (80 + -98)) + -33.
-39
What is (57 + (23 - 34) - (1 + -13)) + (-4 - 9)?
45
Calculate -3 - (7 - ((-2 - -9) + 2 - 10)).
-11
-1 + 3 + -1 - (-59 - (-22 + 0))
38
-2 - (-15 - -5 - ((-9 - -7) + -5))
1
Calculate 60 - 19 - (0 + (1 - -5)).
35
What is -52 + 8 + 33 + 49 + 0 + 3?
41
What is the value of 11 + ((27 - 55) + 40 - 51)?
-28
What is the value of 76 - -2 - (1584 + -1534)?
28
-83 - (-113 - (-30 - 95))
-95
What is the value of -12 + 21 + -2 + -83 + 21?
-55
What is the value of 79 + -53 + 0 + -6 + -28 - (1 - -51)?
-60
(13 - 2) + (-10 - (12 + -32))
21
Calculate (2 + -1 - -11) + (5 - 26).
-9
What is the value of (-1 - 2) + (-18 - (46 + (7 - 16)))?
-58
Calculate 44 - -2 - (2902 + -2873).
17
Calculate -10 + (-1 + 0 - 0) + 10 + 9.
8
Calculate -68 + (-28 - -17) + 43 - (1 + -1 + 11).
-47
Evaluate 31 + -6 + -4 - (-3 - -45).
-21
Evaluate (-83 - -129) + 7 + -37.
16
10 - 0 - ((23 - 41) + 60)
-32
Evaluate (4 + 37 - (7 + -4)) + 4 + 1.
43
Calculate -63 - (16 + -27) - -93.
41
What is the value of -17 - (-311 + 253) - (2 - 3)?
42
(4 - (-16 - (12 + -29))) + -39
-36
-39 + (-5 - 0 - 5 - (-2 - 6))
-41
What is (-20 + 20 - -50) + -79?
-29
-23 + (35 + -59 - -10) + -23
-60
433 + -357 + (9 - 10) + (0 - 1)
74
(46 - 7 - 108) + 38
-31
Evaluate -206 - -179 - (0 - 39).
12
Calculate (-308 + 272 - (-13 + 2 + 0)) + 3.
-22
What is -24 + 8 - (46 - (45 + 47))?
30
What is the value of 24 - -2 - (-8 - 15 - (-147 - -126))?
28
What is 1 - ((98 - 90 - (-2 + 5)) + 1 + 19)?
-24
(-33 - 30 - -55) + 3 + 0 + -9
-14
Evaluate (2 - 16) + (42 - 17) - -22.
33
(-29 - (17 + -26)) + 35
15
What is the value of -46 - (18 - (75 - -40))?
51
77 + -90 + 3 + -84 + (-2 - (-13 - -3))
-86
(5 - -26 - 49 - (-1 + 0 - 3)) + -5
-19
20 + (-34 - (-27 - -12) - -4)
5
Calculate (17 - 9) + (13 - (7 + 1 + -10)).
23
Evaluate (78 - 3) + (36 - 29) + (-10 - 15).
57
Calculate -12 + (12 - -1 - -18) - (2 - -52).
-35
What is the value of -56 + (-21 + 18 - (0 + -5)) + -12?
-66
(-1 - -21) + -36 + (35 - -18)
37
Calculate (6 + 28 - 12) + 9 + (-2 - 9).
20
What is the value of ((-16 - -11) + 13 - 12) + 11 + -1?
6
What is the value of 8 + (14 - (31 + -19)) + -1 + (3 - 3)?
9
(-1 + (-2 - -3) - (-26 - -23)) + -22
-19
What is (-5 + -12 + 6 - (2 - 3)) + (51 - 7)?
34
What is 93 + (-35 - (118 - 75))?
15
3 - -14 - (28 + -177 + 81)
85
19 + (-1 + 22 - (-239 + 238))
41
Evaluate (290 - 300) + 0 + -3 + 23 - 50.
-40
What is the value of 2 + (-2 - -14) - (-4738 + 4665)?
87
What is the value of -42 + (71 - (53 - -4))?
-28
-11 + 21 + (-10 - 14) + 25 - (0 - -14)
-3
Evaluate 3 - -2 - (78 + -210 + 46).
91
Calculate -10 + (-16 - -74 - 13).
35
Evaluate -35477 - -35458 - (1 + 56 - (2 + -2)).
-76
34 + -22 + -29 - (-21 + 10 - -114)
-120
Calculate 8 + -23 + 79 - (-3 + (0 - -1)).
66
(-357 - -300 - (-1 + -77)) + 0 + -19
2
Evaluate -196 - -188 - (-1 + (-1 - 4)) - -43.
41
1 + 106 + (-24 - (-6 - (20 + -2 + 6)))
113
What is -6 - (2 + 59) - (49 + (8 - 49))?
-75
What is -16 + (0 - 2) - -15 - 18 - 18?
-39
Calculate 171 + -146 + 0 + -13 + (15 - 1).
26
(-38 - 23 - -64) + -27
-24
8 + -4 + (28 - -21 - 43)
10
What is (11 - -11) + -11 + (1 - (-4 + -7))?
23
What is the value of (47 - 120) + (16 - -5)?
-52
What is the value of 125 + -75 - 51 - (2 + 67)?
-70
(13 - (-6 + 3)) + -3 + (-24 - 23) + 56
22
Calculate 182 + (-128 - 11) + 16 + 2 + 1.
62
Calculate -1 + -37 + 1 - ((187 - 144) + -33).
-47
Calculate -6 + (11 + -28 - ((11 - -2) + -35)).
-1
Evaluate 1 + -29 + 5610 + -5662.
-80
Calculate (-6 - (15 - (8 - (14 - 33)))) + -32.
-26
What is (124 + -181 - -7) + 151?
101
Calculate 12 - 32 - (-37 - -12 - -48).
-43
What is the value of -87 + -71 + (143 - -86)?
71
What is the value of (-19 - 58) + (-16 - -16) + 15?
-62
What is -269 + 276 + -23 + 27 + 0 + (3 - 2)?
12
Calculate 33 - (7 + -5) - (28 - (-38 - -55)).
20
What is -37 - (33 + (-74 - -8))?
-4
Calculate 113 + 9 + -33 + -24 + 35.
100
-1 + 13 + -45 + 30 + -114
-117
What is -22 + (38 + -1 - (-369 + 363)) - 132?
-111
Calculate -33 + 1 + (512 - 195) + -230.
55
Calculate 1 + -20 - -77 - 48 - (72 - (-2 + 0)).
-64
Evaluate -87 - (-5 - (54 - 9)).
-37
What is the value of (32 - (0 - -11)) + (27 - (25 